mine w(-199).
-12
Let a(m) = -3*m**2 + 19*m + 475. Determine a(-18).
-839
Let t(i) = -i**3 + 38*i**2 - 146*i - 1725. Give t(11).
-64
Let w(q) = -2*q**3 + 79*q**2 + 378*q + 1198. What is w(44)?
406
Let x(c) = -555*c + 74986. Calculate x(136).
-494
Let c(h) = -194*h + 14627. Give c(69).
1241
Let t(m) = 2*m**3 + 753*m**2 + 4805*m - 2227. Give t(-370).
-377
Let v(n) = n**2 + 227*n + 3738. What is v(-20)?
-402
Let b(j) = j**3 - 4*j**2 + 439*j + 12138. Give b(-16).
-6
Let x(u) = -341*u - 45073. Give x(-128).
-1425
Let s(t) = 4*t**2 - 6176*t + 373232. Calculate s(63).
20
Let s(c) = -c**2 - 96*c + 63208. Give s(208).
-24
Let i(x) = 2*x**3 + 50*x**2 + 299*x - 34. What is i(-6)?
-460
Let d(m) = -3*m**3 - 26*m**2 + 3*m - 57. Calculate d(-9).
-3
Let w(d) = -d**3 - 88*d**2 - 2019*d - 5949. Determine w(-50).
1
Let o(g) = 6340*g + 76210. Calculate o(-12).
130
Let r(x) = 1783*x**3 - 21414*x**2 + 210*x + 76. Determine r(12).
4
Let w(f) = 2*f**3 + 114*f**2 + 591*f + 10. Calculate w(-51).
1081
Let f(q) = -14157*q - 98295. Determine f(-7).
804
Let f(s) = -s**2 - 606*s - 8235. Give f(-14).
53
Let q(d) = 263*d + 31066. What is q(-116)?
558
Let z(o) = -212*o**2 + 18451*o - 610. Determine z(87).
-1
Let u(g) = 16*g**3 + 98*g**2 + 148*g + 55. Calculate u(-4).
7
Let m(y) = -y**3 + 33*y**2 - 155*y + 1874. Give m(28).
1454
Let a(y) = y**2 - 74207*y + 18268108. Calculate a(247).
-12
Let m(k) = -19*k**2 - 723*k - 203. What is m(-38)?
-165
Let m(b) = b**3 + 4*b**2 - 6*b - 6. Calculate m(-5).
-1
Let z(s) = -s**2 + 2*s + 185. Calculate z(22).
-255
Let z(b) = -207*b - 27758. Determine z(-134).
-20
Let l(u) = 148*u - 450. Give l(3).
-6
Let o(n) = -10*n**2 + 1373*n + 2327. What is o(139)?
-36
Let p(m) = -77*m**2 + 78*m - 156. Calculate p(2).
-308
Let k(m) = 1085*m**2 - 47*m - 46. Determine k(-1).
1086
Let t(n) = -2*n**2 + 812*n - 24315. What is t(374)?
-379
Let m(g) = 14482*g - 160072. What is m(11)?
-770
Let k(b) = 204*b - 8103. Determine k(40).
57
Let d(o) = -o**3 + 323*o**2 + 202*o - 65235. Calculate d(323).
11
Let p(r) = -2*r**3 - 102*r**2 + 7282*r - 212. Give p(40).
-132
Let k(v) = 178*v**2 + 911*v + 5459. Give k(-6).
6401
Let w(h) = 1402*h + 9751. Calculate w(-8).
-1465
Let x(a) = -59*a**2 + 1449*a - 242. Determine x(25).
-892
Let r(a) = -13*a**2 - 2206*a - 26550. What is r(-13)?
-69
Let y(z) = -4*z**2 + 25*z + 1675. Give y(-19).
-244
Let f(k) = -1922*k + 463225. Calculate f(241).
23
Let s(o) = -5*o**3 + 119*o**2 + 203*o - 32. Calculate s(25).
1293
Let x(o) = o**2 - 15302*o - 19007846. Give x(-1155).
-11
Let l(c) = 7672*c + 26967. Give l(-3).
3951
Let u(t) = -1189*t**3 + 57*t**2 - 60*t - 2. Give u(1).
-1194
Let n(z) = 5*z**2 + 87*z + 2. Determine n(0).
2
Let w(s) = -27*s**3 - 1806*s**2 + 291*s + 6034. Calculate w(-67).
4
Let c(u) = -u**3 - 57*u**2 + 306*u + 3836. Calculate c(-61).
54
Let b(i) = -1078*i + 6453. Determine b(6).
-15
Let j(l) = 424*l + 45033. Calculate j(-106).
89
Let n(h) = 4*h**2 - 3204*h + 29001. What is n(9)?
489
Let d(t) = 3*t**3 + 55*t**2 - 87*t - 898. What is d(-19)?
33
Let i(y) = -4818*y - 19306. Calculate i(-4).
-34
Let a(k) = 2*k**3 - 318*k**2 - 1996*k - 100. Give a(-6).
-4
Let q(w) = -9*w**2 - 159*w + 411. What is q(-20)?
-9
Let f(c) = -c**3 - 72*c**2 - 350*c - 30729. Calculate f(-73).
150
Let p(v) = 2250501*v - 69765536. Determine p(31).
-5
Let w(g) = 897*g + 14980. Calculate w(-17).
-269
Let b(a) = 2*a**3 + 65*a**2 - 227*a - 1891. Calculate b(-35).
-71
Let z(t) = -t**3 - 623*t**2 + 3758*t - 10100. Determine z(-629).
-36
Let h(j) = -j**3 + 29*j**2 + 39*j + 769. Determine h(31).
56
Let c(h) = -h**2 + 118*h + 794. What is c(109)?
1775
Let q(a) = 362072*a + 1086134. Give q(-3).
-82
Let n(g) = 199*g**2 - 10547*g - 7. Give n(53).
-7
Let p(a) = a**3 - 19*a**2 - 1063*a + 17605. Determine p(35).
0
Let j(g) = -3*g**2 - 650*g + 6097. What is j(9)?
4
Let l(x) = 461*x**2 - 9789*x + 2250. Determine l(21).
-18
Let u(k) = 3461*k + 4967. What is u(-1)?
1506
Let j(y) = -3*y**3 + 12*y**2 + 120*y + 544. Determine j(-5).
619
Let m(f) = f**2 + 83*f + 1653. Determine m(-72).
861
Let x(i) = -2*i**3 + 568*i**2 - 19519*i - 30. Calculate x(40).
10
Let r(p) = p**2 - 1691*p + 702879. Give r(736).
-1
Let o(m) = m**2 + 1058*m + 105117. Determine o(-947).
0
Let f(s) = s**3 - 288*s**2 - 269*s - 90222. Calculate f(290).
-32
Let y(m) = 27853*m + 3815716. Determine y(-137).
-145
Let x(y) = 140*y**3 + 835*y**2 + 52*y + 490. Give x(-6).
-2
Let i(c) = -c**3 - 19*c**2 - 67*c - 1513. What is i(-19)?
-240
Let c(i) = -42*i**3 + 677*i**2 + 167*i - 3979. Calculate c(16).
-27
Let u(i) = 629*i + 215746. What is u(-343)?
-1
Let b(y) = y**3 - 645*y**2 - 1393*y + 64051. Give b(647).
-2
Let j(l) = -4*l**3 - 3*l**2 - 122*l - 742. Determine j(-7).
1337
Let z(v) = 6*v**2 + 1309*v - 50. What is z(0)?
-50
Let s(a) = -9*a**3 + 1004*a**2 + 1009*a + 3. What is s(-1)?
7
Let k(c) = 2*c**3 + 240*c**2 - 984*c + 955. Give k(-124).
-37
Let f(b) = 112*b**2 - 8699*b + 14167. What is f(76)?
-45
Let i(k) = -82*k**2 - 85*k + 84. What is i(1)?
-83
Let g(c) = -6962*c + 334200. Give g(48).
24
Let u(a) = -426*a**3 + 34*a**2 + 58*a + 23. What is u(-1)?
425
Let w(u) = -11*u**3 - 61*u**2 - 152*u + 26. Calculate w(-3).
230
Let n(p) = 8*p**2 - 1000*p + 22802. Determine n(30).
2
Let t(i) = -281493*i + 1970424. Determine t(7).
-27
Let t(k) = 15*k**3 + 134*k**2 + 24*k + 104. Determine t(-10).
-1736
Let l(p) = -2*p**3 + 40*p**2 + 172*p - 7. Calculate l(-4).
73
Let r(m) = -m**3 - 15*m**2 - 16*m + 409. Determine r(-14).
437
Let h(k) = 15*k**2 - 2598*k - 25950. Calculate h(-10).
1530
Let s(o) = 3*o**3 - 702*o**2 + 6079*o - 897. Determine s(225).
3
Let q(v) = 19*v**2 - 883*v + 1913. Give q(45).
653
Let j(u) = 18*u**2 + 12763*u - 89506. Give j(-716).
-6
Let m(l) = 5*l**3 + 1837*l**2 + 7295*l + 114. What is m(-4)?
6
Let b(u) = -u**3 + 101*u**2 + 16*u - 172. Determine b(101).
1444
Let v(s) = -32*s**3 + 1825*s**2 - 66*s - 116. Calculate v(57).
-629
Let o(l) = 206*l**3 + 5*l**2 - 139*l + 263. What is o(2)?
1653
Let h(p) = 21*p**2 + 15856*p - 291432. Determine h(-773).
-11
Let a(q) = -2*q**3 - 19*q**2 - 171*q - 20. Determine a(-7).
932
Let o(f) = -1063*f + 62397. Give o(59).
-320
Let h(s) = -s**3 - 10*s**2 + 1271*s + 7666. Calculate h(-6).
-104
Let n(s) = 39*s**2 + 1694*s + 568. Give n(-43).
-163
Let j(n) = -13*n**2 + 16*n - 120. Give j(10).
-1260
Let f(l) = -4810*l**2 - 168368*l - 613. Determine f(-35).
17
Let c(y) = y**2 - 123*y - 3337. What is c(149)?
537
Let n(t) = -t**2 - 278*t + 4746. Give n(16).
42
Let y(j) = 3*j**3 + 504*j**2 - 8*j - 733. Determine y(-168).
611
Let w(m) = m**2 - 5040*m - 789190. What is w(-152)?
-6
Let a(v) = 5695*v + 973865. Give a(-171).
20
Let v(t) = 462*t + 12263. Give v(-27).
-211
Let c(d) = -4*d**2 + 8*d - 938. Determine c(0).
-938
Let m(q) = -844*q + 231270. What is m(274)?
14
Let z(p) = 2*p**3 + 34*p**2 - 201*p + 14. Give z(6).
464
Let y(p) = 3580*p + 111126. Calculate y(-31).
146
Let x(o) = -o**2 + o - 101. Determine x(13).
-257
Let x(n) = -16*n**2 - 1744*n + 8799. Determine x(5).
-321
Let x(o) = 38*o - 7295. What is x(190)?
-75
Let y(i) = -i**3 - 47*i**2 - 121*i - 655. Give y(-45).
740
Let v(w) = 773*w + 43885. Determine v(-60).
-2495
Let n(i) = -9*i**2 - 140*i + 9. Calculate n(-11).
460
Let z(n) = -164*n - 5508. Give z(-34).
68
Let l(f) = -f**3 - 382*f**2 + 677*f - 34938. Give l(-384).
6
Let w(j) = -3*j**3 + 39*j**2 + 2147*j + 27. What is w(-21)?
-78
Let w(n) = 15*n**3 + 206*n**2 - 15*n + 43. Give w(-14).
-531
Let k(j) = 3*j**2 + 62455*j - 1813715. What is k(29)?
3
Let u(x) = -34*x**2 - 25*x + 27. What is u(1)?
-32
Let c(q) = 9*q**2 - 17331*q - 409288. Give c(1949).
2
Let p(l) = -l**2 - 12*l + 391. Give p(14).
27
Let r(v) = 1634338*v + 39224113. What is r(-24)?
1
Let w(a) = -18*a**3 + 211*a**2 + 55*a + 22. Give w(12).
-38
Let c(n) = 4*n**2 + 351*n - 12441. Calculate c(-115).
94
Let v(j) = 543*j + 10197. Give v(-19).
-120
Let w(m) = 501*m**2 - 2668*m - 7. What is w(5)?
-822
Let l(h) = 172479*h - 517435. Calculate l(3).
2
Let c(u) = -3*u**2 + 27473*u + 137355. Determine c(-5).
-85
Let w(x) = 3*x**3 - 122*x**2 - 143*x + 752. What is w(-3)?
2
Let y(s) = -2*s**2 - 18088*s - 2. Determine y(0).
-2
Let t(w) = -936*w + 34660. What is t(37)?
28
Let v(o) = 201*o - 52726. Determine v(260).
-466
Let i(q) = q**3 